ommon divisor of v and i?
5
Suppose q = 3*w - 434, 19*w - 2*q = 14*w + 722. Calculate the highest common divisor of 219 and w.
73
Let x(v) = 35*v + 2. Let a be x(3). Suppose 0 = 4*c - q - 4*q + 203, -261 = 5*c + q. Let i = a + c. Calculate the highest common divisor of 11 and i.
11
Suppose -4*v + 64 = 4*p, -5*p = -7 + 17. Calculate the greatest common factor of 63 and v.
9
Let a = -777 - -847. Calculate the highest common factor of 30 and a.
10
Suppose -4*t + 8 = 3*n - 6, 6 = 2*t + n. Let o be (t/3)/((-12)/(-126)). Let w = o - 0. Calculate the greatest common divisor of 21 and w.
7
Let n be (8/12)/((-4)/12). Let x be 1/n*6 - -35. What is the greatest common divisor of x and 128?
32
Let v = -1043 + 1615. Calculate the highest common divisor of 44 and v.
44
Let n = -340 + 404. What is the greatest common factor of 224 and n?
32
Let j(p) = p**2 + 7*p + 13. Let q be j(-8). Let v be 4/(-6) + 862/(-3). Let i be (-2)/(-7) - v/q. Calculate the greatest common divisor of i and 112.
14
Suppose -5*t = -29 - 46. Let f be (33/(-5))/(3/t). Let x = -28 - f. What is the greatest common divisor of 5 and x?
5
Let i(j) = 10*j**2 - 49*j - 11. Let u be i(6). Calculate the highest common divisor of 110 and u.
55
Suppose 16*c = 21*c - 1550. What is the greatest common divisor of c and 248?
62
Let l = 15 - 5. Let w(o) = -163*o + 819. Let x be w(5). What is the highest common divisor of l and x?
2
Suppose -3135 = 60*n - 79*n. Suppose 3*o = -16 + 61. Calculate the highest common factor of o and n.
15
Let k = 2 + 16. Suppose -4*v - 3*i = -0*i - 3190, 2391 = 3*v + 3*i. Suppose -11*h + v = 7. What is the greatest common factor of h and k?
18
Let c(z) = z**2 + 11*z - 27. Let j be (1 - (9 + 4)) + -2. Let d be c(j). What is the greatest common divisor of d and 45?
15
Let i(o) = -8*o - 174. Let a be i(-23). What is the highest common factor of 22 and a?
2
Let y be (2 - -209)/1 + -1. Let u = y - 79. Suppose -u = -3*v + 31. Calculate the highest common divisor of 36 and v.
18
Suppose 0 = 7*g - 24*g + 306. Let l = -5 + 11. Calculate the highest common factor of g and l.
6
Let l = 682 + -506. Calculate the greatest common factor of 11 and l.
11
Let u(g) = g**2 + 15*g + 10. Let l be u(-15). Calculate the highest common factor of 170 and l.
10
Suppose 4*s - 1309 = -333. Suppose -5*h - 3*l + 603 = 0, -4*h - 4*l + s = -2*h. What is the greatest common divisor of h and 12?
12
Suppose 0 = z - 0 - 2. Suppose 0 = -2*c + 2*m - 0*m + 66, -z*c - 5*m = -59. Suppose -4*y + c + 20 = 0. What is the greatest common divisor of 39 and y?
13
Let s be ((-48)/(-10))/(92/(-15) + 6). Let b be (15/6)/((-4)/(-4 + s)). Calculate the highest common factor of b and 275.
25
Let o be 70/8 - (-2)/8. Let h be ((-5)/20 - 34/(-8))*1. Suppose -4*i - 307 = -5*d, -h*d - 3*i = -99 - 159. What is the greatest common divisor of d and o?
9
Let i = -5 + 5. Suppose -21 = -c - i. Let s = -252 - -441. Calculate the greatest common divisor of c and s.
21
Suppose 11*a = 19*a - 2240. Let v be (1/((-7)/(-12)))/(5/a). What is the greatest common factor of 24 and v?
24
Let t(b) = -b**3 - 8*b**2 - 12*b + 13. Let h be t(-3). Calculate the greatest common factor of h and 472.
4
Let n(o) = o**3 - 17*o**2 + 37*o - 25. Let s be n(15). What is the greatest common factor of s and 64?
16
Suppose 0 = 5*p + 3*k - 1175, -4*p - 100 + 1053 = 5*k. What is the greatest common divisor of 58 and p?
58
Let f(p) = -62*p - 915. Let z be f(-15). Suppose -4*g + 9 = -15. Calculate the highest common divisor of g and z.
3
Let u(t) = t**3 + t**2 - t + 18. Suppose 5*h - 2*h = 0. Let v be u(h). What is the greatest common factor of v and 27?
9
Let j(v) = v**2 + 1. Let x(w) = 5*w**2 - 11. Let n(b) = -4*j(b) + x(b). Let k be n(4). What is the greatest common factor of 11 and k?
1
Let k(o) = 4 - o + 14*o - 17*o - 16*o. Let g be k(-1). Calculate the highest common factor of g and 18.
6
Let f be (4 - 1117)/3 - 4. Let m = 543 + f. What is the greatest common divisor of m and 21?
21
Let i be 7/((-7)/(-3)) - -1. Suppose 0 = -0*b + 4*b + i*o - 668, 3*b - 2*o - 486 = 0. Let n = 307 - b. Calculate the highest common divisor of n and 13.
13
Let q = 1115 - 1065. Suppose 39 + 21 = 4*h. Suppose 10*l - h*l + q = 0. What is the greatest common divisor of l and 30?
10
Suppose -74 = -10*w + 176. What is the highest common factor of w and 3?
1
Let k(h) = -h**3 - 5*h**2 - 12*h + 6. Let f be k(-6). Calculate the greatest common divisor of 2014 and f.
38
Let h(t) = -2*t + 18. Let r be h(8). Suppose -f = -r*f + 3. Suppose -g + 3*l = -f, -2*g + 2 + 4 = l. What is the greatest common factor of g and 6?
3
Let v = -1428 + 1528. Calculate the highest common factor of 325 and v.
25
Let c(p) = p**3 + 12*p**2 - 18*p - 29. Suppose 0 = 14*x - 8*x + 78. Let f be c(x). Calculate the greatest common divisor of 90 and f.
18
Suppose -z - z + 14 = 0. Let m(w) = 9*w - 47. Let r be m(5). Let f be 7 + -3 - (-6)/r*-1. What is the greatest common factor of z and f?
7
Suppose -2*v + 372 = -2*g, 17*g - 22*g = -4*v + 748. What is the highest common factor of v and 39?
13
Let p = -576 - -606. What is the greatest common factor of p and 66?
6
Suppose -35 = -7*h + 21. Calculate the greatest common factor of 184 and h.
8
Let p(d) = 4*d**2 - 3*d + 3. Let q be p(2). Suppose g = q - 6. Let t = 17 + -10. What is the greatest common factor of g and t?
7
Let x be (-22)/(-4)*(6 + 12). Let r(p) = -p**2 - 22*p - 87. Let z be r(-6). Calculate the highest common factor of z and x.
9
Let w = 128 + -126. Calculate the highest common divisor of w and 3.
1
Let g(p) = p**2 - p - 11. Let i be g(6). Calculate the greatest common divisor of 19 and i.
19
Let w(a) = 6*a - 6. Let l be w(7). Let c = l + 38. Suppose 2*u + 4*k = 2*k + c, -3*u = -4*k - 132. What is the highest common factor of 20 and u?
20
Suppose -s = -8 - 1. Suppose -s*y + 250 = -4*y. Calculate the greatest common factor of y and 10.
10
Let u be 2/(-5) - 656/(-40). What is the greatest common divisor of u and 12?
4
Let q = 17 + -1. Let k(d) = -d + 1. Let i(g) = g**2. Let z(f) = i(f) + 2*k(f). Let s be z(0). What is the greatest common divisor of s and q?
2
Let c be (16/(-10))/(60/(-13200)). Calculate the highest common divisor of 22 and c.
22
Let q(u) = -u**2 + 22*u + 259. Let b be q(0). What is the highest common divisor of b and 74?
37
Let j(z) = -8*z**2 + 9*z - 32. Let y be j(9). Let d = -424 - y. What is the highest common divisor of d and 70?
35
Suppose 3 = 3*t, -4*y - 5*t + 4 = -5. Calculate the greatest common factor of y and 19.
1
Let v be 4/(-10) + -54*3/(-30). Suppose -3*i + 465 = 3*u - 603, -3*u + v*i = -1028. What is the greatest common divisor of u and 39?
39
Let m be (-3 - 56/12)*1*3. Let w = m + 37. Calculate the highest common factor of 7 and w.
7
Let k = -1 + -4. Let q(g) be the first derivative of -g**2 - 5*g - 19. Let d be q(k). Calculate the greatest common divisor of 35 and d.
5
Let a = -92 + 137. Let y(b) = 2*b**2 - 3*b. Let d be y(2). Let g be ((-3)/d)/(a/(-780)). What is the highest common factor of g and 65?
13
Let v(t) = 15*t**2 - 80*t - 6. Let z be v(-3). Calculate the greatest common factor of z and 41.
41
Let c(p) = 2*p**2 - 11*p + 35. Let b be c(8). Let h = b + -59. Calculate the highest common factor of h and 32.
16
Let w be -1 + (-348)/3 + 1. Let r = 178 + w. Calculate the greatest common divisor of r and 93.
31
Let r = -430 + 469. What is the greatest common factor of 221 and r?
13
Suppose 832 = i + 3*i. Suppose 2*z + 2*z = -i. Let u = 88 + z. What is the highest common divisor of u and 12?
12
Suppose -43*t - 3660 = -55*t. Calculate the highest common factor of 10 and t.
5
Suppose 2*u - 5619 = 8*g - 11*g, -10 = -2*g. What is the highest common divisor of u and 6?
6
Let d = 794 + -184. Let s = d + -428. What is the highest common divisor of 26 and s?
26
Let i be 5/((-10)/(-12)) - 4. Suppose -2*m = 3*h - 27, 0*m - 29 = -i*m - 5*h. What is the greatest common divisor of 3 and m?
3
Suppose 0 = 2*m - 6, -2*f = -0*f - 4*m + 22. Let n be (f + 64/4)/(1/10). What is the highest common factor of 44 and n?
22
Suppose 7*r = 1350 - 846. Calculate the highest common divisor of 135 and r.
9
Suppose -5*h + 132 = -h. Let t = 41 - 22. Let v = h - t. What is the greatest common divisor of 98 and v?
14
Let f(u) = -u**2 - 6*u - 3. Let q be f(-6). L